 + 3. Let h be c(-3). Let n be 1*3/h*-12. What is the highest common divisor of n and 24?
6
Suppose 5*y - 4*k - 3 = 15, -5*y = -k - 27. Suppose 3*t + 12 - 66 = 0. What is the greatest common factor of y and t?
6
Let q(f) = -f**3 - 5*f**2 - f - 2. Let n be q(-5). What is the highest common divisor of n and 2?
1
Suppose 0 = 3*j + t - 2, -1 = j - 4*t - 6. What is the greatest common divisor of 25 and j?
1
Let o = 10 + -8. Suppose 0 = -3*d + t + 22, -d - 2*t - 10 = o*t. Suppose 4*w - 32 = 4*l, 2*l + 3*l + 10 = 0. What is the highest common divisor of d and w?
6
Let f(n) = 5*n - 2. Let m be f(6). Let h(i) = -43*i**3 - i**2 - 2*i - 1. Let c be h(-1). Let v = c - m. Calculate the greatest common factor of 30 and v.
15
Let v(c) = 18*c**2 - 2*c - 2. Suppose y - 2*f = 9, 15 = -4*f + f. Let n be v(y). Calculate the greatest common factor of n and 2.
2
Let y be 572/28 + 3/(-7). What is the greatest common divisor of y and 180?
20
Let x(f) = f**2 + 7*f - 24. Let h be x(-11). What is the greatest common factor of h and 50?
10
Let r be 24/9*(-66)/(-4). Let f(y) = 7*y - 3. Let k be f(2). Calculate the greatest common divisor of k and r.
11
Suppose -3*l + 23 + 43 = 0. What is the greatest common factor of l and 33?
11
Suppose 2*b = -1 + 7. Suppose -7*d + 3*d - n = -88, 66 = b*d - 3*n. Calculate the highest common factor of 55 and d.
11
Let o be ((-28)/(-6))/((-8)/(-12)). Calculate the highest common factor of o and 14.
7
Let c be -3 + 22 + (4 - 1). Calculate the highest common factor of 2 and c.
2
Let j(g) = -g**3 + 7*g**2 + 7. Suppose -2*n = n + 6. Let m be n/(-7) + 94/14. Let r be j(m). Calculate the greatest common factor of 21 and r.
7
Suppose -54 = -3*f + 18. Calculate the highest common factor of f and 312.
24
Let b(t) = 2*t. Let v be b(6). Suppose -4*k = -k - v. Suppose -5*p + k*g = -19, 3*p + 5*g - 5 = g. Calculate the highest common divisor of 33 and p.
3
Let w be (-25)/(-3) + 3/(-9). Let r = -8 + w. Suppose -2*d + r = -34. What is the greatest common factor of d and 119?
17
Let a = 3 + 2. Let b(x) = x**2 - 2*x. Let d be b(3). Suppose -d*v + 3 = -57. Calculate the highest common factor of a and v.
5
Let z(y) = y + 12. Let o be z(-9). Let h(r) = r**3 - 4*r**2 + 4*r - 1. Let u be h(o). What is the highest common factor of 6 and u?
2
Suppose -2*v + 4 + 0 = 0. Suppose -3*r - 111 + 431 = -v*z, 5*r - 532 = 4*z. Let c = 32 + -20. Calculate the highest common divisor of r and c.
12
Suppose 3*f - 3 = 81. Calculate the greatest common factor of f and 4.
4
Let j = -1 - -5. Suppose i = 4*n - 0*i - 88, 0 = 5*n + j*i - 110. Let b = -1 + 3. Calculate the highest common divisor of b and n.
2
Let g = 117 - 59. Let b be 0/2 + g/1. Let a = -34 + b. Calculate the highest common factor of a and 264.
24
Let r(o) = o**3 - o**2 - o + 6. Suppose 5*y - 4*y = 0. Let l be r(y). Let c = -5 + 7. What is the highest common divisor of c and l?
2
Let n = -226 + 538. What is the greatest common factor of 39 and n?
39
Suppose 2*q + 2*v = v - 8, -v - 14 = 5*q. Let m be (q + -13)*24/(-9). What is the greatest common divisor of 8 and m?
8
Suppose -4*q - 3*p = -276, 3*p - 344 = -5*q - p. What is the highest common factor of q and 24?
24
Suppose -5*p + 3 = v - 3, 4*p + 4 = 0. Calculate the highest common factor of 121 and v.
11
Let s be 29/2 - 2/4. Suppose -h + 0*h - 7 = 0. Let u(z) = -z + 7. Let y be u(h). What is the greatest common factor of s and y?
14
Let u(f) = f**3 - 6*f**2 - 4*f + 4. Let p be u(7). Let b = p - 15. Calculate the highest common factor of b and 10.
10
Let b = 142 + -72. Calculate the greatest common divisor of b and 20.
10
Let t(c) = -c**2 - 12*c - 3. Let r be t(-11). Suppose r*g - 45 = 3*g. What is the greatest common factor of 9 and g?
9
Let t be 0 + 16/4 + 47. Let y = t - -12. Calculate the highest common factor of 9 and y.
9
Let w = 37 + -181. Let b be 2 - w - (5 + -3). Suppose -2*h = -3*h + 18. What is the greatest common divisor of h and b?
18
Let b(u) = 13*u + 7. Let f be b(5). Suppose 5*x = 4*l + 61, 4*x + l + 2*l = 24. Calculate the highest common divisor of x and f.
9
Let v(m) = -3*m + 1. Let p be v(5). Suppose 4*s - 23 = 5*s. Let w = p - s. Calculate the greatest common factor of 72 and w.
9
Let b be ((-70)/8 + 0)/((-4)/16). Suppose 3 + 11 = k. What is the highest common factor of b and k?
7
Let u be 2/8 + (-1815)/(-20). Calculate the greatest common factor of u and 13.
13
Let q = 32 + -45. Let l be (-2)/q + (-932)/(-26). Calculate the greatest common divisor of l and 18.
18
Suppose 6*t = -t + 280. What is the highest common divisor of t and 10?
10
Let m(q) = 17*q**2 + 2*q - 2. Let n be m(2). Let o = 36 + -78. Let p = n + o. Calculate the highest common factor of p and 4.
4
Suppose -5*c = -i - 90, 96 = 5*c + 2*i - 9. Let q = c + -10. What is the highest common factor of q and 45?
9
Let q be 40/(-12) + 1/3. Let g = 3 - q. Suppose -w + g*w = 80. Calculate the greatest common factor of 112 and w.
16
Let d(r) = r**2 + 9*r + 11. Let l be d(-9). What is the highest common divisor of 11 and l?
11
Suppose -48 + 18 = -5*n. Let m = 22 - n. Calculate the highest common divisor of 16 and m.
16
Let c = -34 - -46. What is the highest common divisor of c and 4?
4
Let h be (-1)/(((-3)/(-6))/(-1)). Let s(x) = h + 21*x - 4 + 3. Let i be s(1). What is the highest common factor of i and 33?
11
Let o be ((-48)/(-9)*9)/((-2)/(-8)). Calculate the greatest common factor of 8 and o.
8
Let v be (-6 - -1) + 6 - (-15 - 0). Calculate the highest common divisor of 208 and v.
16
Let u = 0 - -2. Let i(a) = -4*a**u + 4*a**3 - 3*a**2 + a - 3*a**3 - 4. Let n be i(7). What is the greatest common factor of 27 and n?
3
Let l(a) = 7*a - 3. Let c be l(5). Let g = 4 + -63. Let d = g - -107. Calculate the highest common divisor of c and d.
16
Suppose 0*t - 24 = -4*t + 4*n, 0 = -5*t + n + 26. Let b be (31 - t)*22/4. Calculate the greatest common factor of 13 and b.
13
Let r(b) = -b**2 + 8*b - 4. Let m be r(5). Calculate the highest common factor of m and 33.
11
Let c be 2/((-3)/(-199 + 1)). Calculate the greatest common factor of 12 and c.
12
Suppose -2*m + 3 = m. Suppose -n + m = -1. Calculate the greatest common divisor of 6 and n.
2
Suppose 0 = -y - g + 22, 0*g + 30 = y + 3*g. Let l = -33 + 47. Let t be (-4)/l + 64/28. Calculate the highest common divisor of t and y.
2
Let w = 2 - 4. Let s be ((-4)/2)/(1/w). Let u = 17 - 7. What is the highest common factor of s and u?
2
Let r = -2 - -7. Suppose -a = -r*a + 480. What is the highest common divisor of a and 15?
15
Let s(z) = 4*z**2 + 4 + 0*z + 2*z + 2*z**2. Let n be s(3). Suppose -u - n = -5*u. Calculate the highest common divisor of u and 32.
16
Let n be 1355/15 - (-3)/(-9). What is the highest common factor of n and 30?
30
Suppose -2*p + 88 = 3*w, -5*w + p + 154 = -3*p. Suppose -45 = 118*h - 121*h. What is the highest common factor of h and w?
15
Let f(u) = 2*u + 2. Let i be f(-2). Let h be (-91)/i + 1/2. Suppose 5*v - h + 1 = 0. Calculate the highest common divisor of v and 18.
9
Suppose l - 2*v = 10, v + 33 = 5*l - l. What is the greatest common factor of 12 and l?
4
Let y = 149 - 105. Calculate the highest common divisor of y and 66.
22
Let p(r) = 0 + r - 5 - 3. Let x be p(10). What is the highest common divisor of x and 2?
2
Let u(k) = 6*k + 5. Let m be u(5). Let f(b) = b + 3. Let r be f(-3). Let q be 5 + r + (0 - -2). Calculate the highest common factor of m and q.
7
Let j = -48 - -60. What is the greatest common divisor of 8 and j?
4
Suppose 3*s - 247 + 7 = 0. Let u = s - 42. Calculate the highest common factor of 95 and u.
19
Let a be (-2)/8 + (-63)/(-12). Let g be (a - (-1 + 2)) + -1. Suppose 4*y - 9 = g*y. Calculate the greatest common factor of 81 and y.
9
Let g be (2/6)/((-2)/(-24)). Suppose g*f - 20 = -0*f. Calculate the highest common divisor of f and 40.
5
Suppose 0 = -3*x + 44 - 8. Suppose i = -i + x. Calculate the highest common divisor of i and 36.
6
Let x = 116 - -73. Calculate the highest common divisor of 21 and x.
21
Let x(t) = -2*t**2 + t + 2. Let d be x(2). Let j = 9 + d. Suppose -j*u = -10*u + 1100. What is the highest common factor of 20 and u?
20
Let x = 8 - 5. Suppose 0 = x*a - 0*a + v - 60, -4*v = 0. Calculate the greatest common divisor of a and 4.
4
Suppose -4*s + 0 + 4 = 0. Let h = 3 - s. What is the highest com